 -14 + 104 + -97
-10
Evaluate -28 + 0 - (-65 + 47).
-10
-32 + -16 + (13 - 1 - -15)
-21
Calculate -2 + 0 + 12 + (5 + -12 - 1).
2
What is 0 + (-3 - (1 + -11)) + 1?
8
What is -8 + (8 - (18 + (-17 - -9)))?
-10
What is the value of 15 + (1 + 23 - 18)?
21
What is the value of 3 + (1 + -5 + -10 + 3 - 0)?
-8
Evaluate 22 + (-9 - -1) - (38 + -30).
6
Evaluate (-28 - 2) + -340 + 356.
-14
What is the value of -7 - 5 - (3 - (4 - 8))?
-19
0 - 16 - (68 + (86 - 182))
12
Evaluate -1 + -8 - (-31 + 20 - -4).
-2
What is the value of -6 + (7 - (-6 + -8 + 11)) - 3?
1
Calculate (-7 - -3 - 0) + (-6 - (-9 + -11)).
10
What is 11 + (5 - 10) + -1 + -3 + -11?
-9
What is -6 + -9 + 10 - -4?
-1
(10 - 12) + 0 - (-1 - -1)
-2
-47 + (-24 - 6 - -56)
-21
0 - (-3 - (-2 + (-2 - 1) - -2))
0
Calculate (28 - 30) + -1 + 6 + -2.
1
What is 3 + -1 - 23 - (-16 - -10 - -5)?
-20
What is -5 - ((0 - 10) + 6 + -10)?
9
What is the value of -494 - -464 - (-1 - (2 + 0))?
-27
Calculate 6 - (27 - (21 + 28)).
28
What is 5 + 3 - (8 + (-18 - -9))?
9
Evaluate 16 + -1 + -12 + -3.
0
Evaluate 146 - 152 - (1 + -20).
13
Calculate 5 + -8 - (-10 - -15 - (9 - 0)).
1
Calculate (-8 + 1 - -2) + 1183 + -1143.
35
What is (5 - -10) + (7 - -1 - (10 + 2))?
11
Calculate -6 - (-176 + 172 - (11 + 0 - 0)).
9
What is the value of 12 - (39 - (34 - 23))?
-16
What is the value of (-31 - (-62 - -34)) + -8?
-11
Calculate -3 + (9 - (3 + -6 + 10)).
-1
Evaluate 4 + (18 - 19 - 13).
-10
What is 14 + 3 + -3 + -1 + -1 + -5?
7
Evaluate -18 - (-27 - (10 - 16)).
3
What is the value of (-27 + 5 - 6) + 20?
-8
Evaluate -235 - -241 - (2 + 7 - -2).
-5
Calculate -15 - (-1 - (-10 + 3 + -2)).
-23
What is the value of (-2 - -9) + 29 + -29?
7
15 + -13 - (1 + 6)
-5
Evaluate 5 - (-7 - (-4 - (-3 + 9)) - 7).
9
What is -14 + -18 + 19 + -4 + 17?
0
Calculate (-3 - 0) + 10 + (151 - 157).
1
What is (15 - (14 - -14)) + -9?
-22
Calculate 8 - (5 - (-15 + 10 + 1)).
-1
Evaluate (-18 - -1 - (7 - (17 + -8))) + 4.
-11
What is 29 - 62 - -33 - (-13 - -1)?
12
(3 - 0) + 0 - ((-5 - -2) + 4)
2
10 + (247 - 255) + 16 + 0
18
-6 + 3 + 9 - (3 - (10 - 9))
4
Evaluate (1 - (10 + 1)) + 11.
1
What is the value of (-9 - -1) + -44 + 45 - 8?
-15
What is the value of 4 + -5 + -3 + 11 - 3 - 1?
3
Evaluate -16 + 12 + (-3 + 1 + -1 - -15).
8
Evaluate 1 + (-5 + (8 - 7) - -2).
-1
-15 - (2 + -7 + -7 + 10)
-13
Calculate -4 + -2 - (4 - (8 + 6)).
4
Evaluate -2 - -4 - (8 + (-3 + 0 - -3)).
-6
Calculate 4 - (-3 - 10 - -24).
-7
(-87 - -84 - 1) + (0 - -22) + 0
18
Calculate 3 + 2 + 11 + -21 + -8.
-13
28 + (14 + -13 - 17)
12
What is (-4 - -21) + -13 + -3?
1
Evaluate 2 - (3 + 1) - (6 + -10) - -10.
12
Calculate 6 + -5 + -6 - 5.
-10
Evaluate (5 - -1) + (2 - 6) + 6.
8
What is -6 + (-3 - -8) + (-3 - -2) + 17?
15
-1 + -6 + ((20 - 46) + 48 - -10)
25
Evaluate (-10 - (1 + 1)) + (-2 - (0 + -3)).
-11
2 + 5 + -7 + 12 - 7
5
Evaluate 3 + 20 - (-44 - -56).
11
Calculate (6 + 14 - 8) + -6 - 17.
-11
What is the value of -1 + (22 - 12 - 5)?
4
What is the value of -8 - (-35 - -16) - -1?
12
What is (-2 - -37) + -8 + -43?
-16
27 - (-17 - -18 - -10)
16
Calculate -11 + 64 + -27 + -4.
22
What is 18 - -13 - (12 + 4 + -8)?
23
What is the value of -124 - -137 - (-3 + 33)?
-17
What is the value of 1 + 10 - (-7 - -9) - (-9 + 5)?
13
37 - 21 - 18 - -16
14
-18 + -4 - -26 - (3 - -1)
0
Evaluate 1 - -4 - (-450 - -470).
-15
Calculate 2 - 33 - (121 + -166).
14
Calculate 1 + -12 + -2 + -34 + (26 - 11).
-32
Calculate -6 + (7 - -3) - 12.
-8
Evaluate (-2 - (-8 + 15)) + 12 + 6.
9
Evaluate 1108 + -1135 - (0 + 0 + -2 + 0).
-25
17 - (-66 + 48 + 16 + -5)
24
(1 - -4) + 30 + -29 + -13 - -24
17
What is the value of (36 - 49) + (8 - (-11 + 7))?
-1
Calculate (5 - (1 + 10)) + -6.
-12
(8 - (6 + 2)) + -10 + 8
-2
2 + 0 - 8 - (27 + 14 - 33)
-14
What is the value of -4 + 0 - (-139 - -117)?
18
Calculate 9 - ((7 - 9 - (3 + -18)) + -5).
1
(1 - -14) + -5 + (-10 - -2) + 20
22
What is 19 - (11 - (2 + (-3 - -9)))?
16
What is (481 - 445) + -21 + -1?
14
Evaluate (-1 - -3) + 11 - (-239 + 227).
25
What is the value of 53 - (41 + -1 + -21)?
34
-4 - -11 - -3 - 7 - (4 + -1)
0
What is the value of (-160 - -185) + 8 + -2?
31
105 + -104 - (2 + -1 - (-2 + -11))
-13
What is the value of -2 + 3 + -10 + 18 + -7?
2
Calculate 6 + -5 + -4 + 8 - -9.
14
12 + (7 - (-6 + 4)) + (-7 - 1)
13
Evaluate (-19 - -41 - 39) + 24.
7
Evaluate (1 - (-18 + 29)) + 17 + 1.
8
Calculate -25 - (-30 - (17 - 4)).
18
Evaluate -75 - -70 - (-2 + -15).
12
What is (-11 - 20) + 6 - -21?
-4
(-49 - -55) + (-13 - (2 - 0))
-9
Calculate 7 + (-9 - (6 + -16 - -7) - 14).
-13
Calculate -3 + (-20 - -36) - (4 + -14).
23
3 + 168 + -151 + (-2 - (-6 + 3))
21
-8 - -12 - (-5 + 14 + -7)
2
What is the value of -26 + (-45 + 9 - -45)?
-17
(-17 - 8 - -9) + (0 - 10)
-26
Evaluate (-1 - -1) + (-27 - (-22 + -5)).
0
What is (-1 - -1) + -12 - (1024 - 1056)?
20
6 + -11 - (15 - 24)
4
Calculate -3 + 11 - (38 - 26).
-4
What is the value of 41 - (-38 - -18 - -88)?
-27
What is (-33 - -4) + (21 - (16 + -4))?
-20
What is the value of 3 - (9 + -8) - 11?
-9
What is the value of -6 + 14 + -3 - -8?
13
What is the value of (-8 - -10) + -2 + -13?
-13
-1 + 0 + 3 + 5 - 3
4
What is the value of (5 - -1) + -7 - 7?
-8
What is 102 - 103 - (-1 + (0 - 2))?
2
2 - (-2 - -1) - (-110 + 119)
-6
What is the value of 15 + 10 + -11 - (4 - 2)?
12
What is 3 + (17 - 21 - (3 + -2))?
-2
-5 + -13 + -9 + 12 + -2
-17
Evaluate 2 + 10 - (-3 + 29).
-14
-6 + 0 - ((21 - (9 + 1)) + -12)
-5
6 + 0 + -3 + 0 + 2 + 2
7
Evaluate -6 - (26 + -19) - (-12 + -1).
0
Calculate 38 + (-21 - (-7 + 8)).
16
Evaluate -1 + (-6 - (-2 + -11)) + 2.
8
12 - (-9 - (-6 - -2 - 0))
17
What is the value of -2 - (23 - 9 - 1 - 7)?
-8
Calculate 18 - (43 - 26) - -23.
24
Evaluate -38 - 15 - -42 - -19.
8
What is 5 + 10 + (4 - 7) + 2 - 7?
7
(27 + -64 - -22) + 13
-2
Evaluate -10 + 12 + 25 + -20.
7
15 - (6 + (3 - 10) + 0)
16
What is the value of -10 + (-16 - -23) + -20?
-23
What is the value of -9 - -5 - -8 - (-15 - (16 + -29))?
6
What is (0 - 3) + -8 + 5 + 3?
-3
What is the value of 16 + (-4 + 17 - 13)?
16
What is the value of (10 - 23) + 7 + 6 - (21 + -2)?
-19
Evaluate (8 - 24) + (18 - -10).
12
What is -9 - -8 - (30 - 19)?
-12
-9 + -10 + -24 + 31
-12
0 - (23 - 8 - 23)
8
-19 - (6 - -9 - 20)
-14
18 - (0 + -4 + 4 + (13 - 19))
24
What is the value of 22 + -8 + (-5 - (2 + -9))?
16
Evaluate (25 - (-8 - -21)) + -23.
-11
What is the value of -7 + -4 + 16 + 6?
11
What is 1 + (-1 - -14) - ((33 - 45) + 18)?
8
-35 + 15 - (-8 + -21)
9
What is -1 - 5 - (-24 - (-9 + 8 + -4))?
13
16 + 49 + -21 - 25
19
Evaluate 22 + -13 - (-42 + 40 + (1 - -6)).
4
What is the value of 6 + 1 + 35 + -34?
8
Evaluate -3 + 13 + -3 + -19 - -2.
-10
Evaluate 0 - -5 - (30 - (53 - 15)).
13
What is the value of 5 - 26 - (-4 + 8 + -11)?
-14
Evaluate 29 - (-15 - (-46 - -14)).
12
What is 4 + 25 + -28 + (0 - -6) + -20?
-13
What is -19 - (11 + -12 + -7 + 10)?
-21
Evaluate 12 - (-17 + 2 + 37).
-10
(-12 - 1) + 1 + (-77 - -79)
-10
What is the value of 5 + (-1 - (3 + 6 + -2))?
-3
Evaluate -3 - -24 - 1 - (-10 + 14).
16
What is the value of (-1 - 15) + -356 + 372?
0
Calculate 9 + -6 - ((-3 - 17) + 0).
23
Evaluate 1 + 8 + (-7 - 3).
-1
What is -7 - (-7 - -6 - -5 - -1)?
-12
What is 31 - (-6 - -22) - 28?
-13
Evaluate -2 + 19 + (-19 - -12).
10
-1 + -1 - 0 - -1 - (-6119 + 6127)
-9
Evaluate 20 + -4 + -1 + -32.
-17
Calculate (-5 - -11 - 22) + (1 - -2).
-13
What is -1 - (2 + -16 + 3 + 6)?
4
-2 - (-1 + (-1 - (-6 + -2) - 5))
-3
Calculate 15 + (-12 - -5 - 13) - 7.
-12
-8 + 6 + -2 + (-36 + 25 - 16)
-31
What is (6 - -11 - 3) + -6 - 21?
-13
Evaluate -38 - (-21 + -17 + 18).
-18
What is the value of -2 + 4 + 1 + -8 + 47 + -25?
17
What is 6 + -11 + -11 + 8?
-8
What is the value of -20 + 0 + -25 + (-2 - -30)?
-17
Evaluate (19 + -12 - 15) + 4.
-4
What is the value of 2 + (1 - (-5 + 9) - -7)?
6
12 + -1 - (-156 + 183)
-16
What is the value of -7 - -7 - (1 + -4) - 11?
-8
What is -73 - -80 - (11 + (0 - 0))?
-4
Calculate (14 - 2) + (6 + (5 - 4) - 3).
16
What is 8 + 8 + -14 + -8 - (-1 - 6)?
1
What is the value of 1 + -28 + (-6 - (16 - 33))?
-16
Evaluate 1 + 8 + (509 - 539).
-21
(6 - (9 + 5)) + -6 + 6 + 2
-6
13 + (-460 - -465) + (0 - 6 - 0)
12
What is the value of -5 + (21 - 7) - (-5 - -11)?
3
What is the value of 3 - (-3 - (-1 - -1 - 8 - -2))?
0
Evaluate (-3 - -38 - 31) + -25.
-21
What is -3 + -15